{"id":12,"date":"2020-12-25T16:53:58","date_gmt":"2020-12-25T15:53:58","guid":{"rendered":"http:\/\/kijek.com\/?page_id=12"},"modified":"2024-11-23T14:23:30","modified_gmt":"2024-11-23T13:23:30","slug":"lebenslauf","status":"publish","type":"page","link":"https:\/\/www.kijek.com\/?page_id=12","title":{"rendered":"Lebenslauf JK"},"content":{"rendered":"\r\n<h2><span style=\"color: #ff0000;\">KONICA Business Machines Deutschland<\/span><\/h2>\r\n<ul>\r\n<li>Juli 1995 bis Februar 1998<\/li>\r\n<li>Vertriebsrepr\u00e4sentant in Hannover<\/li>\r\n<li>Vertriebstrainer mit Hauptstandort in Hamburg und bundesweitem Einsatzgebiet<\/li>\r\n<li>Trainingsgebiete:<br \/>\u2022 Produkte und Technologien mit Schwerpunkt Digitaltechnik<br \/>\u2022 Marktwissen<br \/>\u2022 Verkaufspsychologie<br \/>\u2022 Kommunikation<\/li>\r\n<\/ul>\r\n\r\n\r\n\r\n<figure class=\"wp-block-image size-large\"><img loading=\"lazy\" decoding=\"async\" width=\"640\" height=\"480\" class=\"wp-image-93\" src=\"http:\/\/kijek.com\/wp-content\/uploads\/2020\/12\/C6CQJ17LRe2Dly4-ERyJlw.jpg\" alt=\"\" srcset=\"http:\/\/kijek.com\/wp-content\/uploads\/2020\/12\/C6CQJ17LRe2Dly4-ERyJlw.jpg 640w, http:\/\/kijek.com\/wp-content\/uploads\/2020\/12\/C6CQJ17LRe2Dly4-ERyJlw-300x225.jpg 300w\" sizes=\"auto, (max-width: 640px) 100vw, 640px\" \/>\r\n<figcaption>An meinem ersten &#8222;richtigen&#8220; Arbeitsplatz<\/figcaption>\r\n<\/figure>\r\n\r\n\r\n\r\n<h2><span style=\"color: #ff0000;\">RICOH Deutschland GmbH<\/span><\/h2>\r\n<ul>\r\n<li>M\u00e4rz 1998 bis M\u00e4rz 2006<\/li>\r\n<li>Gruppenleiter Vertriebstraining in Eschborn mit bundesweitem Einsatzgebiet<\/li>\r\n<li>Abteilungsleiter Training f\u00fcr Vertrieb, Support und Service<\/li>\r\n<li>Gr\u00fcndung und Leitung der RICOHVERSITY<\/li>\r\n<li>Leiter Personalentwicklung und Training f\u00fcr alle Mitarbeiter*innen des Konzern in Deutschland<\/li>\r\n<li>Trainingsgebiete:<br \/>\u2022 Produkte und Technologien mit Schwerpunkt Softwarel\u00f6sungen<br \/>\u2022 Marktwissen<br \/>\u2022 Verkaufspsychologie<br \/>\u2022 Kommunikation<br \/>\u2022 F\u00fchrungskr\u00e4fte-Entwicklung<br \/>\u2022 Qualit\u00e4t<\/li>\r\n<\/ul>\r\n\r\n\r\n\r\n<figure class=\"wp-block-image size-large\"><img loading=\"lazy\" decoding=\"async\" width=\"1024\" height=\"682\" class=\"wp-image-85\" src=\"http:\/\/kijek.com\/wp-content\/uploads\/2020\/12\/pMlEhIe5TRi5d2bOQtVxSQ.jpg\" alt=\"\" srcset=\"http:\/\/kijek.com\/wp-content\/uploads\/2020\/12\/pMlEhIe5TRi5d2bOQtVxSQ.jpg 1024w, http:\/\/kijek.com\/wp-content\/uploads\/2020\/12\/pMlEhIe5TRi5d2bOQtVxSQ-300x200.jpg 300w, http:\/\/kijek.com\/wp-content\/uploads\/2020\/12\/pMlEhIe5TRi5d2bOQtVxSQ-768x512.jpg 768w\" sizes=\"auto, (max-width: 1024px) 100vw, 1024px\" \/>\r\n<figcaption>Auf der CeBit in Hannover<\/figcaption>\r\n<\/figure>\r\n\r\n\r\n\r\n<h2><span style=\"color: #ff0000;\">WELLA AG, Darmstadt, sp\u00e4ter P&amp;G (Procter &amp; Gamble)<\/span><\/h2>\r\n<ul>\r\n<li>April 2006 bis Dezember 2008<\/li>\r\n<li>Leiter Vertriebstraining und -entwicklung f\u00fcr Deutschland, \u00d6sterreich und Schweiz (DACH) mit Hauptsitz in Darmstadt<\/li>\r\n<li>Manager CBD MS&amp;P Capability Building<\/li>\r\n<li>Trainingsgebiete: <br \/>\u2022 Verkaufspsychologie<br \/>\u2022 Kommunikation<br \/>\u2022 Personalauswahl<br \/>\u2022 F\u00fchrungskr\u00e4fteauswahl und -Entwicklung,<br \/>\u2022 Zus\u00e4tzliche Verantwortungsbereiche:<br \/>\u2022 Kompetenzmodelle<br \/>\u2022 internationales Projekt \u201eTrainingskonzept&#8220;<br \/>\u2022 Synergieprojekt zwischen Wella und P&amp;G<\/li>\r\n<\/ul>\r\n\r\n\r\n\r\n<figure class=\"wp-block-image size-large\"><img loading=\"lazy\" decoding=\"async\" width=\"1024\" height=\"683\" class=\"wp-image-83\" src=\"http:\/\/kijek.com\/wp-content\/uploads\/2020\/12\/iwurAaohTniwrTWzmB2hHg-1024x683.jpg\" alt=\"\" srcset=\"http:\/\/kijek.com\/wp-content\/uploads\/2020\/12\/iwurAaohTniwrTWzmB2hHg-1024x683.jpg 1024w, http:\/\/kijek.com\/wp-content\/uploads\/2020\/12\/iwurAaohTniwrTWzmB2hHg-300x200.jpg 300w, http:\/\/kijek.com\/wp-content\/uploads\/2020\/12\/iwurAaohTniwrTWzmB2hHg-768x512.jpg 768w, http:\/\/kijek.com\/wp-content\/uploads\/2020\/12\/iwurAaohTniwrTWzmB2hHg-1536x1024.jpg 1536w, http:\/\/kijek.com\/wp-content\/uploads\/2020\/12\/iwurAaohTniwrTWzmB2hHg.jpg 2048w\" sizes=\"auto, (max-width: 1024px) 100vw, 1024px\" \/>\r\n<figcaption>In der eigenen Ausbildung<\/figcaption>\r\n<\/figure>\r\n\r\n\r\n\r\n<h2><span style=\"color: #ff0000;\">Stiebel Eltron GmbH &amp; Co. KG<\/span><\/h2>\r\n<ul>\r\n<li>seit Januar 2009 in ungek\u00fcndigter Stellung<\/li>\r\n<li>Leiter Schulungsakademie mit Hauptsitz in Holzminden<\/li>\r\n<li>Damalige Projekte zus\u00e4tzlich zu den Aufgaben aus den vorherigen Stellungen:\r\n<ul>\r\n<li>Planung und der Bau eines neuen Trainings- und Kommunikationszentrums<\/li>\r\n<li>Konzeptionierung und Einf\u00fchrung eines Kompetenzf\u00fchrerscheins<\/li>\r\n<li>komplette \u00dcberarbeitung des Trainerkonzeptes f\u00fcr STIEBEL ELTRON<\/li>\r\n<\/ul>\r\n<\/li>\r\n<li><span style=\"font-size: inherit;\">seit 03\/15 in weiterhin ungek\u00fcndigter Stelle Leiter Lehrmittelerstellung &amp; Didaktik<\/span><\/li>\r\n<li>seit 03\/17 in weiterhin ungek\u00fcndigter Stelle als Leiter Energy Campus\r\n<ul>\r\n<li>Gremienarbeit bei der VDI (VDI 4645, Blatt 1 und 2)<\/li>\r\n<li>Erarbeitung nationaler und internationaler Train-the-Trainer-Konzepte (Pr\u00e4senz, Online und Blended-Learning)<\/li>\r\n<li>Entwicklung, Konzeptionierung und Durchf\u00fchrung eines standortweiten Kommunikationstrainings f\u00fcr alle direkten Mitarbeiter*innen der Produktion<\/li>\r\n<li>Einf\u00fchrung eines deutschlandweiten Online-Feedback-Tools f\u00fcr Kundentrainings, perspektivisch die Ausweitung auf den internationalen Markt<\/li>\r\n<li>Fortf\u00fchrung eines Modular aufgearbeiteten Vertriebstrainings &#8222;Konzeptverkauf 3.0&#8220; f\u00fcr den Vertrieb Deutschland der Stiebel Eltron Deutschland GmbH<\/li>\r\n<li>Kompetenzmodelle f\u00fcr Vertrieb und Training<\/li>\r\n<li>Einf\u00fchrung eines Autorentools f\u00fcr interaktive eLearnings (iSpring)<\/li>\r\n<li>\u00a0<\/li>\r\n<\/ul>\r\n<\/li>\r\n<li>seit 04\/2024 in weiterhin ungek\u00fcndigter Stelle als Leiter internationales Vertriebstraining und neue Lernmedien<\/li>\r\n<li>Aktuelle Projekte sind:\r\n<ul>\r\n<li>Konzepterstellung f\u00fcr internationale Vertriebstrainings<\/li>\r\n<\/ul>\r\n<\/li>\r\n<\/ul>\r\n\r\n\r\n\r\n<figure class=\"wp-block-image size-large\"><img loading=\"lazy\" decoding=\"async\" width=\"1024\" height=\"684\" class=\"wp-image-82\" src=\"http:\/\/kijek.com\/wp-content\/uploads\/2020\/12\/HNkCvZ7ySvqE2aifVdFu0w-1024x684.jpg\" alt=\"\" srcset=\"http:\/\/kijek.com\/wp-content\/uploads\/2020\/12\/HNkCvZ7ySvqE2aifVdFu0w-1024x684.jpg 1024w, http:\/\/kijek.com\/wp-content\/uploads\/2020\/12\/HNkCvZ7ySvqE2aifVdFu0w-300x200.jpg 300w, http:\/\/kijek.com\/wp-content\/uploads\/2020\/12\/HNkCvZ7ySvqE2aifVdFu0w-768x513.jpg 768w, http:\/\/kijek.com\/wp-content\/uploads\/2020\/12\/HNkCvZ7ySvqE2aifVdFu0w-1536x1025.jpg 1536w, http:\/\/kijek.com\/wp-content\/uploads\/2020\/12\/HNkCvZ7ySvqE2aifVdFu0w.jpg 2048w\" sizes=\"auto, (max-width: 1024px) 100vw, 1024px\" \/>\r\n<figcaption>Bei der Campus-F\u00fchrung zur Er\u00f6ffnung 2015<\/figcaption>\r\n<\/figure>\r\n","protected":false},"excerpt":{"rendered":"<p>KONICA Business Machines Deutschland Juli 1995 bis Februar 1998 Vertriebsrepr\u00e4sentant in Hannover Vertriebstrainer mit Hauptstandort in Hamburg und bundesweitem Einsatzgebiet Trainingsgebiete:\u2022 Produkte und Technologien mit Schwerpunkt Digitaltechnik\u2022 Marktwissen\u2022 Verkaufspsychologie\u2022 Kommunikation RICOH Deutschland GmbH M\u00e4rz 1998 bis M\u00e4rz 2006 Gruppenleiter Vertriebstraining in Eschborn mit bundesweitem Einsatzgebiet Abteilungsleiter Training f\u00fcr Vertrieb, Support und Service Gr\u00fcndung und Leitung [&hellip;]<\/p>\n","protected":false},"author":1,"featured_media":0,"parent":0,"menu_order":0,"comment_status":"closed","ping_status":"closed","template":"","meta":{"footnotes":""},"class_list":["post-12","page","type-page","status-publish","czr-hentry"],"_links":{"self":[{"href":"https:\/\/www.kijek.com\/index.php?rest_route=\/wp\/v2\/pages\/12","targetHints":{"allow":["GET"]}}],"collection":[{"href":"https:\/\/www.kijek.com\/index.php?rest_route=\/wp\/v2\/pages"}],"about":[{"href":"https:\/\/www.kijek.com\/index.php?rest_route=\/wp\/v2\/types\/page"}],"author":[{"embeddable":true,"href":"https:\/\/www.kijek.com\/index.php?rest_route=\/wp\/v2\/users\/1"}],"replies":[{"embeddable":true,"href":"https:\/\/www.kijek.com\/index.php?rest_route=%2Fwp%2Fv2%2Fcomments&post=12"}],"version-history":[{"count":15,"href":"https:\/\/www.kijek.com\/index.php?rest_route=\/wp\/v2\/pages\/12\/revisions"}],"predecessor-version":[{"id":320,"href":"https:\/\/www.kijek.com\/index.php?rest_route=\/wp\/v2\/pages\/12\/revisions\/320"}],"wp:attachment":[{"href":"https:\/\/www.kijek.com\/index.php?rest_route=%2Fwp%2Fv2%2Fmedia&parent=12"}],"curies":[{"name":"wp","href":"https:\/\/api.w.org\/{rel}","templated":true}]}}