{"id":244,"date":"2021-03-27T16:19:54","date_gmt":"2021-03-27T15:19:54","guid":{"rendered":"https:\/\/www.kijek.com\/?page_id=244"},"modified":"2021-03-27T16:58:48","modified_gmt":"2021-03-27T15:58:48","slug":"ueber-juergen-k","status":"publish","type":"page","link":"https:\/\/www.kijek.com\/?page_id=244","title":{"rendered":"\u00dcber mich JK"},"content":{"rendered":"\r\n<h2><span style=\"color: #ff0000;\">Drei wichtige Bereiche in meinem Leben miteinander verkn\u00fcpft<\/span><\/h2>\r\n<ul>\r\n<li>Zum einen bin ich ausgebildeter Lehrer f\u00fcr Philosophie, Germanistik und Erziehungswissenschaft an der gymnasialen Oberstufe &#8211; beide Staatsexamina habe ich \u201eMit Auszeichnung\u201c bestanden und geh\u00f6rte bundesweit zu den besten 5% meines Jahrgangs!<\/li>\r\n<li>Zum anderen bin ich technisch begeistert: Hi-Fi und High-End, Multimedia und selbstverst\u00e4ndlich Computer.<\/li>\r\n<li>Als letztes habe ich eine ausgepr\u00e4gte verk\u00e4uferische Ader; auch wenn ich bei der Hamburg-Mannheimer OAB als Nachwuchsf\u00fchrungskraft gescheitert bin, verstehe ich mich als kunden- und bedarfsorientierter, nutzenargumentierender Berater mit Zug zum Abschluss!<\/li>\r\n<li>Bei den Unternehmen Karstadt, Konica, RICOH und Stiebel Eltron verbinden sich alle drei Bereiche in vollkommender Weise, die Beauty-Branche mit Wella und P&amp;G haben meinen Horizont \u00fcberraschend erweitert.<\/li>\r\n<\/ul>\r\n<p>Eines bleibt: der stete Wille nach eigener Weiterentwicklung in den Bereichen, in denen ich meine drei Lebenslinien verwirklichen kann und die mein Kompetenzbereich sind!<\/p>\r\n<h2><span style=\"color: #ff0000;\">Als Trainer und F\u00fchrungskraft bin ich es gewohnt, im Rampenlicht zu stehen<\/span><\/h2>\r\n<p>Ich habe in meiner nun nahezu 25-j\u00e4hrigen Erfahrung in drei unterschiedlichen Branchen mehrere Erkenntnisse verinnerlicht:<\/p>\r\n<ul>\r\n<li>tritt authentisch auf<\/li>\r\n<li>biete deiner Zielgruppe spezifischen Nutzen<\/li>\r\n<li>sei gut vorbereitet<\/li>\r\n<li>setze Medien gezielt ein: so wenig wie m\u00f6glich \u2013 so viel wie n\u00f6tig<\/li>\r\n<li>nutze eine zielgruppenspezifische (An-)Sprache<\/li>\r\n<li>versetze Dich in Dein Publikum \u2013 sei empathisch<\/li>\r\n<\/ul>\r\n\r\n\r\n\r\n<div class=\"wp-block-image\">\r\n<figure class=\"aligncenter size-large\"><img loading=\"lazy\" decoding=\"async\" width=\"520\" height=\"390\" class=\"wp-image-40\" src=\"http:\/\/kijek.com\/wp-content\/uploads\/2020\/12\/shapeimage_2.jpg\" alt=\"\" srcset=\"http:\/\/kijek.com\/wp-content\/uploads\/2020\/12\/shapeimage_2.jpg 520w, http:\/\/kijek.com\/wp-content\/uploads\/2020\/12\/shapeimage_2-300x225.jpg 300w\" sizes=\"auto, (max-width: 520px) 100vw, 520px\" \/>\r\n<figcaption>Im Wella-Welt-Studio, Darmstadt<\/figcaption>\r\n<\/figure>\r\n<\/div>\r\n","protected":false},"excerpt":{"rendered":"<p>Drei wichtige Bereiche in meinem Leben miteinander verkn\u00fcpft Zum einen bin ich ausgebildeter Lehrer f\u00fcr Philosophie, Germanistik und Erziehungswissenschaft an der gymnasialen Oberstufe &#8211; beide Staatsexamina habe ich \u201eMit Auszeichnung\u201c bestanden und geh\u00f6rte bundesweit zu den besten 5% meines Jahrgangs! Zum anderen bin ich technisch begeistert: Hi-Fi und High-End, Multimedia und selbstverst\u00e4ndlich Computer. Als letztes [&hellip;]<\/p>\n","protected":false},"author":1,"featured_media":0,"parent":0,"menu_order":0,"comment_status":"closed","ping_status":"closed","template":"","meta":{"footnotes":""},"class_list":["post-244","page","type-page","status-publish","czr-hentry"],"_links":{"self":[{"href":"https:\/\/www.kijek.com\/index.php?rest_route=\/wp\/v2\/pages\/244","targetHints":{"allow":["GET"]}}],"collection":[{"href":"https:\/\/www.kijek.com\/index.php?rest_route=\/wp\/v2\/pages"}],"about":[{"href":"https:\/\/www.kijek.com\/index.php?rest_route=\/wp\/v2\/types\/page"}],"author":[{"embeddable":true,"href":"https:\/\/www.kijek.com\/index.php?rest_route=\/wp\/v2\/users\/1"}],"replies":[{"embeddable":true,"href":"https:\/\/www.kijek.com\/index.php?rest_route=%2Fwp%2Fv2%2Fcomments&post=244"}],"version-history":[{"count":5,"href":"https:\/\/www.kijek.com\/index.php?rest_route=\/wp\/v2\/pages\/244\/revisions"}],"predecessor-version":[{"id":269,"href":"https:\/\/www.kijek.com\/index.php?rest_route=\/wp\/v2\/pages\/244\/revisions\/269"}],"wp:attachment":[{"href":"https:\/\/www.kijek.com\/index.php?rest_route=%2Fwp%2Fv2%2Fmedia&parent=244"}],"curies":[{"name":"wp","href":"https:\/\/api.w.org\/{rel}","templated":true}]}}