{"id":270,"date":"2021-03-27T17:06:00","date_gmt":"2021-03-27T16:06:00","guid":{"rendered":"https:\/\/www.kijek.com\/?page_id=270"},"modified":"2021-03-27T17:08:04","modified_gmt":"2021-03-27T16:08:04","slug":"ueber-mich-ak","status":"publish","type":"page","link":"https:\/\/www.kijek.com\/?page_id=270","title":{"rendered":"\u00dcber mich AK"},"content":{"rendered":"<h2><span style=\"color: #ff0000;\">Der Mensch im Mittelpunkt meines Denkens und Handelns<\/span><span style=\"color: #ff0000;\">:<\/span><\/h2>\n<ul>\n<li>Als studierte Psychologin steht bei mir der Mensch in seiner aktuellen Situation im Vordergrund<\/li>\n<li>Als Coach versuche ich, die Menschen dort abzuholen, wo sie stehen<\/li>\n<li>Als Mediatorin bin ich mit den verschiedensten Facetten der Kommunikation vertraut, Neutralit\u00e4t und Methoden zur De-Eskalation geh\u00f6ren nat\u00fcrlich dazu<\/li>\n<\/ul>\n","protected":false},"excerpt":{"rendered":"<p>Der Mensch im Mittelpunkt meines Denkens und Handelns: Als studierte Psychologin steht bei mir der Mensch in seiner aktuellen Situation im Vordergrund Als Coach versuche ich, die Menschen dort abzuholen, wo sie stehen Als Mediatorin bin ich mit den verschiedensten Facetten der Kommunikation vertraut, Neutralit\u00e4t und Methoden zur De-Eskalation geh\u00f6ren nat\u00fcrlich dazu<\/p>\n","protected":false},"author":1,"featured_media":0,"parent":0,"menu_order":0,"comment_status":"closed","ping_status":"closed","template":"","meta":{"footnotes":""},"class_list":["post-270","page","type-page","status-publish","czr-hentry"],"_links":{"self":[{"href":"https:\/\/www.kijek.com\/index.php?rest_route=\/wp\/v2\/pages\/270","targetHints":{"allow":["GET"]}}],"collection":[{"href":"https:\/\/www.kijek.com\/index.php?rest_route=\/wp\/v2\/pages"}],"about":[{"href":"https:\/\/www.kijek.com\/index.php?rest_route=\/wp\/v2\/types\/page"}],"author":[{"embeddable":true,"href":"https:\/\/www.kijek.com\/index.php?rest_route=\/wp\/v2\/users\/1"}],"replies":[{"embeddable":true,"href":"https:\/\/www.kijek.com\/index.php?rest_route=%2Fwp%2Fv2%2Fcomments&post=270"}],"version-history":[{"count":2,"href":"https:\/\/www.kijek.com\/index.php?rest_route=\/wp\/v2\/pages\/270\/revisions"}],"predecessor-version":[{"id":276,"href":"https:\/\/www.kijek.com\/index.php?rest_route=\/wp\/v2\/pages\/270\/revisions\/276"}],"wp:attachment":[{"href":"https:\/\/www.kijek.com\/index.php?rest_route=%2Fwp%2Fv2%2Fmedia&parent=270"}],"curies":[{"name":"wp","href":"https:\/\/api.w.org\/{rel}","templated":true}]}}